est common factor of 7267 and 868127?
559
Calculate the highest common divisor of 108486 and 33292.
574
Calculate the greatest common factor of 2130 and 130.
10
Calculate the highest common divisor of 242788 and 552.
92
What is the greatest common factor of 2 and 46654?
2
Calculate the greatest common divisor of 27392 and 963.
107
Calculate the greatest common factor of 2844 and 225.
9
Calculate the highest common divisor of 549680 and 180.
20
What is the highest common factor of 166411 and 7?
7
Calculate the highest common divisor of 376 and 71628.
188
What is the highest common divisor of 386 and 68?
2
Calculate the highest common factor of 312 and 66384.
24
Calculate the highest common factor of 17344 and 21951.
271
What is the greatest common divisor of 85 and 54179?
17
Calculate the greatest common factor of 242 and 284075.
11
Calculate the greatest common divisor of 3928 and 12.
4
Calculate the highest common divisor of 14736 and 7632.
48
Calculate the greatest common factor of 272 and 2329.
17
Calculate the greatest common divisor of 652528 and 204.
68
What is the greatest common factor of 285 and 240?
15
Calculate the greatest common factor of 70 and 7364.
14
Calculate the highest common factor of 10430 and 2030.
70
What is the greatest common factor of 40 and 24632?
8
What is the greatest common divisor of 377 and 51974?
13
Calculate the greatest common factor of 1973 and 38.
1
Calculate the greatest common factor of 20490 and 240.
30
What is the greatest common factor of 235832 and 1640?
328
What is the greatest common divisor of 799680 and 1320?
120
Calculate the greatest common factor of 72 and 1366476.
12
Calculate the greatest common divisor of 41432 and 136.
8
What is the highest common factor of 16 and 501992?
8
Calculate the greatest common factor of 127144 and 276.
92
What is the greatest common factor of 4599 and 3276?
63
What is the highest common divisor of 99 and 65318?
11
Calculate the highest common divisor of 28 and 3406354.
14
Calculate the highest common divisor of 302249 and 8834.
631
Calculate the highest common factor of 4142 and 4427.
19
Calculate the greatest common factor of 1160 and 99064.
232
What is the highest common factor of 53655 and 1752?
219
What is the greatest common divisor of 58 and 1687858?
58
What is the greatest common factor of 906 and 426?
6
What is the highest common factor of 2680 and 110?
10
What is the highest common divisor of 15375 and 225?
75
What is the greatest common divisor of 39339 and 4465?
47
Calculate the greatest common divisor of 2419 and 1180.
59
What is the greatest common factor of 217540 and 2628?
292
What is the greatest common factor of 31119 and 368?
23
What is the highest common divisor of 98 and 831579?
49
What is the highest common divisor of 181493 and 299?
299
Calculate the greatest common factor of 23 and 248.
1
Calculate the highest common factor of 10 and 56985.
5
Calculate the greatest common divisor of 9504 and 21186.
198
Calculate the highest common factor of 7 and 3674.
1
Calculate the greatest common divisor of 209 and 66924.
11
What is the highest common divisor of 1316670 and 135?
15
Calculate the highest common divisor of 11856 and 29328.
624
What is the highest common divisor of 39 and 1088828?
13
Calculate the greatest common divisor of 1965 and 327500.
655
Calculate the greatest common factor of 81953 and 1.
1
What is the highest common factor of 1265 and 529?
23
Calculate the highest common divisor of 597069 and 63.
9
Calculate the greatest common divisor of 378 and 225126.
54
What is the greatest common divisor of 5110 and 51765?
35
What is the highest common factor of 1121353 and 73?
73
What is the greatest common factor of 11342920 and 40?
40
What is the highest common factor of 909 and 486?
9
What is the greatest common factor of 5 and 1920?
5
What is the highest common factor of 75 and 234925?
25
What is the greatest common divisor of 30569 and 1985?
397
What is the highest common factor of 22135 and 95?
95
Calculate the highest common divisor of 165 and 28335.
15
What is the highest common divisor of 26 and 1183052?
26
What is the highest common factor of 6417 and 3312?
207
What is the highest common factor of 7888 and 24208?
272
What is the greatest common divisor of 2094 and 196138?
698
What is the greatest common divisor of 7532 and 952?
28
What is the highest common divisor of 159393 and 61?
61
What is the greatest common divisor of 189 and 683343?
27
Calculate the highest common divisor of 978280 and 40.
40
Calculate the highest common factor of 2232 and 55304.
248
Calculate the highest common divisor of 79 and 188731.
79
What is the greatest common factor of 105 and 1211455?
35
Calculate the greatest common factor of 396875 and 127.
127
What is the greatest common factor of 99 and 836319?
33
Calculate the highest common factor of 1886 and 34932.
82
Calculate the greatest common factor of 97555 and 545.
545
What is the highest common divisor of 44 and 34012?
44
What is the greatest common factor of 293772 and 12?
12
What is the greatest common divisor of 23450 and 8750?
350
What is the highest common divisor of 23638 and 11150?
446
What is the highest common divisor of 36198 and 36?
18
What is the highest common factor of 1929496 and 129?
43
What is the greatest common divisor of 4408 and 783?
29
Calculate the greatest common divisor of 224 and 160272.
112
Calculate the highest common factor of 1456 and 2704.
208
Calculate the greatest common divisor of 65852 and 17372.
404
What is the greatest common divisor of 10572990 and 1182?
1182
Calculate the greatest common factor of 2255 and 11605.
55
What is the greatest common divisor of 1143 and 1658493?
1143
Calculate the highest common divisor of 150751 and 26527.
647
Calculate the highest common divisor of 1241 and 144653.
17
Calculate the highest common divisor of 1134 and 75.
3
Calculate the greatest common divisor of 125825 and 3275.
25
Calculate the highest common divisor of 1067 and 913.
11
Calculate the greatest common factor of 499696 and 16.
16
What is the greatest common divisor of 29459 and 11916?
331
Calculate the greatest common divisor of 1848 and 11242.
154
Calculate the greatest common factor of 50218 and 306.
34
What is the greatest common factor of 1681815 and 15?
15
Calculate the highest common factor of 4092 and 576.
12
What is the greatest common factor of 42225 and 100?
25
Calculate the greatest common factor of 1860 and 215.
5
Calculate the highest common factor of 688968 and 336.
168
What is the greatest common divisor of 14927 and 487399?
649
What is the highest common divisor of 600 and 317400?
600
Calculate the highest common divisor of 7532 and 1316.
28
Calculate the greatest common factor of 930 and 165.
15
Calculate the highest common divisor of 6517 and 129808.
133
Calculate the highest common factor of 15252 and 2976.
372
Calculate the greatest common factor of 2190 and 1230.
30
Calculate the highest common factor of 1391 and 62488.
107
What is the greatest common divisor of 2754 and 1145205?
459
What is the greatest common divisor of 6254 and 265?
53
Calculate the highest common factor of 8129 and 693.
11
Calculate the greatest common factor of 77340 and 1068.
12
Calculate the greatest common factor of 8 and 1993048.
8
Calculate the greatest common factor of 153 and 1979973.
153
What is the highest common factor of 384329 and 11?
11
Calculate the highest common factor of 1896 and 648.
24
Calculate the highest common factor of 5001975 and 387.
387
What is the greatest common divisor of 1272 and 233094?
318
Calculate the greatest common divisor of 16303 and 47950.
959
Calculate the greatest common factor of 384499 and 309.
103
What is the highest common divisor of 1823532 and 552?
276
Calculate the greatest common factor of 10868 and 4576.
572
Calculate the greatest common factor of 1809 and 873.
9
What is the highest common factor of 6076 and 369117?
1519
Calculate the greatest common divisor of 4410 and 2430.
90
Calculate the greatest common factor of 244 and 22387.
61
Calculate the greatest common divisor of 2688203 and 7.
7
Calculate the greatest common factor of 2562 and 3234.
42
Calculate the greatest common divisor of 1680 and 35760.
240
What is the 